9
List the prime factors of 9517469.
13, 23, 139, 229
What are the prime factors of 22815?
3, 5, 13
List the prime factors of 246659.
7, 167, 211
What are the prime factors of 1935535?
5, 7, 17, 3253
What are the prime factors of 165256?
2, 7, 13, 227
List the prime factors of 259341.
3, 137, 631
List the prime factors of 21907550.
2, 5, 7, 53, 1181
What are the prime factors of 12540766?
2, 7, 101, 181
List the prime factors of 477322.
2, 41, 5821
What are the prime factors of 1319193?
3, 48859
What are the prime factors of 13027467?
3, 29, 137, 1093
List the prime factors of 198863.
7, 28409
What are the prime factors of 193245?
3, 5, 13, 991
What are the prime factors of 266215?
5, 37, 1439
What are the prime factors of 18460976?
2, 1153811
List the prime factors of 190052.
2, 47513
List the prime factors of 18604076.
2, 4651019
What are the prime factors of 1411822?
2, 113, 6247
List the prime factors of 123155.
5, 24631
What are the prime factors of 9570252?
2, 3, 17, 43, 1091
List the prime factors of 12884553.
3, 11, 130147
List the prime factors of 9991056.
2, 3, 208147
List the prime factors of 32781544.
2, 4097693
List the prime factors of 1001272.
2, 257, 487
List the prime factors of 1053592.
2, 17, 61, 127
List the prime factors of 218408.
2, 23, 1187
What are the prime factors of 6081498?
2, 3, 337861
What are the prime factors of 4361035?
5, 7, 124601
What are the prime factors of 13187268?
2, 3, 366313
What are the prime factors of 2887316?
2, 19, 37991
What are the prime factors of 343431?
3, 11, 3469
List the prime factors of 868955.
5, 17, 10223
List the prime factors of 25707711.
3, 31, 37, 241
What are the prime factors of 17929233?
3, 7, 284591
What are the prime factors of 2227101?
3, 223, 3329
What are the prime factors of 9253339?
661, 13999
What are the prime factors of 460419?
3, 167, 919
What are the prime factors of 1488139?
1488139
What are the prime factors of 10667158?
2, 389, 13711
List the prime factors of 266984.
2, 23, 1451
List the prime factors of 193061.
11, 17551
What are the prime factors of 9191726?
2, 4595863
What are the prime factors of 7053?
3, 2351
What are the prime factors of 670921?
37, 18133
What are the prime factors of 1237173?
3, 7, 58913
What are the prime factors of 14138571?
3, 1559, 3023
What are the prime factors of 7258958?
2, 7, 74071
What are the prime factors of 286792?
2, 11, 3259
What are the prime factors of 153479?
23, 6673
What are the prime factors of 3409744?
2, 13, 97
What are the prime factors of 5681451?
3, 17, 6553
List the prime factors of 7157534.
2, 41, 191, 457
What are the prime factors of 41070442?
2, 7, 53, 55351
What are the prime factors of 920126?
2, 460063
What are the prime factors of 7446844?
2, 1861711
List the prime factors of 117609.
3, 197, 199
What are the prime factors of 530249?
530249
List the prime factors of 46930.
2, 5, 13, 19
List the prime factors of 1014671.
7, 43, 3371
What are the prime factors of 87149?
87149
List the prime factors of 3585892.
2, 37, 24229
List the prime factors of 459283.
11, 43, 971
What are the prime factors of 653019?
3, 109, 1997
List the prime factors of 141374.
2, 70687
What are the prime factors of 848653?
13, 97, 673
What are the prime factors of 152580?
2, 3, 5, 2543
What are the prime factors of 8442914?
2, 17, 239, 1039
What are the prime factors of 8001673?
79, 101287
List the prime factors of 122920.
2, 5, 7, 439
List the prime factors of 188080.
2, 5, 2351
What are the prime factors of 3650240?
2, 5, 11, 17, 61
What are the prime factors of 395896?
2, 17, 41, 71
List the prime factors of 3680770.
2, 5, 368077
What are the prime factors of 1655158?
2, 37, 22367
List the prime factors of 44795.
5, 17, 31
List the prime factors of 386917.
41, 9437
What are the prime factors of 2049170?
2, 5, 204917
What are the prime factors of 1737414?
2, 3, 7, 13789
List the prime factors of 601300.
2, 5, 7, 859
List the prime factors of 7286368.
2, 227699
What are the prime factors of 200189?
11, 18199
What are the prime factors of 28746?
2, 3, 1597
What are the prime factors of 2762995?
5, 61, 9059
What are the prime factors of 2044578?
2, 3, 149, 2287
List the prime factors of 125489.
7, 13, 197
List the prime factors of 2369189.
251, 9439
List the prime factors of 50500.
2, 5, 101
What are the prime factors of 743696?
2, 53, 877
What are the prime factors of 1697094?
2, 3, 7, 13469
List the prime factors of 5352246.
2, 3, 17, 17491
List the prime factors of 597005.
5, 139, 859
List the prime factors of 297419.
59, 71
What are the prime factors of 493561?
17, 29033
What are the prime factors of 6513615?
3, 5, 1787
List the prime factors of 402866.
2, 17, 41
What are the prime factors of 2797717?
13, 29, 41, 181
List the prime factors of 285748.
2, 71437
List the prime factors of 2714861.
47, 1229
List the prime factors of 8321.
53, 157
List the prime factors of 334216.
2, 41777
What are the prime factors of 3613791?
3, 1204597
List the prime factors of 4004426.
2, 349, 5737
List the prime factors of 3896981.
11, 354271
List the prime factors of 192010.
2, 5, 7, 13, 211
List the prime factors of 106520.
2, 5, 2663
List the prime factors of 3323315.
5, 664663
What are the prime factors of 246516?
2, 3, 20543
List the prime factors of 45323.
61, 743
List the prime factors of 1572342.
2, 3, 271, 967
What are the prime factors of 28068857?
31, 83, 10909
What are the prime factors of 2945383?
7, 420769
List the prime factors of 356165.
5, 71233
List the prime factors of 1573107.
3, 524369
What are the prime factors of 5174822?
2, 2587411
List the prime factors of 422401.
7, 60343
List the prime factors of 357171.
3, 119057
What are the prime factors of 94958?
2, 79, 601
What are the prime factors of 4252406?
2, 2126203
List the prime factors of 81807.
3, 11, 37, 67
What are the prime factors of 5352224?
2, 19, 8803
List the prime factors of 298079.
173, 1723
List the prime factors of 2422671.
3, 19, 2237
List the prime factors of 818921.
37, 22133
List the prime factors of 464580.
2, 3, 5, 29, 89
What are the prime factors of 677215?
5, 7, 11, 1759
List the prime factors of 28805.
5, 7, 823
List the prime factors of 211338.
2, 3, 59, 199
List the prime factors of 354442.
2, 11, 16111
List the prime factors of 15587458.
2, 7793729
List the prime factors of 1128098.
2, 564049
What are the prime factors of 1135898?
2, 567949
What are the prime factors of 39001?
43, 907
List the prime factors of 352470.
2, 3, 5, 31, 379
What are the prime factors of 514109?
523, 983
List the prime factors of 191032.
2, 23879
What are the prime factors of 2420451?
3, 11, 23, 1063
What are the prime factors of 382894?
2, 191447
List the prime factors of 225153.
3, 31, 269
What are the prime factors of 2983849?
11, 487, 557
What are the prime factors of 2165680?
2, 5, 11, 23, 107
What are the prime factors of 330589?
7, 83, 569
List the prime factors of 911335.
5, 19, 53, 181
List the prime factors of 3296215.
5, 13, 17, 19, 157
What are the prime factors of 5811366?
2, 3, 11, 191, 461
List the prime factors of 445720.
2, 5, 11, 1013
List the prime factors of 21446907.
3, 257, 27817
List the prime factors of 1632608.
2, 163, 313
What are the prime factors of 373262?
2, 193, 967
What are the prime factors of 5052794?
2, 37, 68281
List the prime factors of 7433581.
139, 53479
List the prime factors of 2527918.
2, 677, 1867
What are the prime factors of 39595203?
3, 593, 2473
List the prime factors of 10049287.
251, 40037
List the prime factors of 31941088.
2, 43, 139, 167
List the prime factors of 3581452.
2, 7, 37, 3457
List the prime factors of 11730668.
2, 563, 5209
List the prime factors of 3175263.
3, 7, 13, 3877
What are the prime factors of 1470398?
2, 17, 59, 733
List the prime factors of 1220871.
3, 29, 14033
List the prime factors of 1059333.
3, 11, 47, 683
List the prime factors of 529261.
17, 163, 191
List the prime factors of 343643.
23, 67, 223
What are the prime factors of 3860101?
7, 551443
What are the prime factors of 95889?
3, 31963
List the prime factors of 1452052.
2, 7, 51859
What are the prime factors of 244721?
244721
What are the prime factors of 14736263?
17, 29, 71, 421
What are the prime factors of 858635?
5, 83, 2069
List 